f 15 and k?
15
Let q = 463 - -158. Calculate the greatest common factor of 23 and q.
23
Let v(n) = n**2 + n - 1. Let p be v(-2). Let t be (-20)/(-2*1) - -2. Let i = t - 4. Calculate the greatest common divisor of i and p.
1
Let h be (6 + 888/(-32))*-8. What is the highest common factor of h and 290?
58
Let z = 1137 - 630. Calculate the greatest common factor of 52 and z.
13
Let a = -15 + 22. Let u be 2/((-4)/(-8) + -1). Let i(c) = -12*c - 13. Let p be i(u). What is the highest common divisor of p and a?
7
Suppose -6*m + 24 = -0*m. Suppose 2*j + 2*i - 6 = 0, 0 = -j - m*j - 4*i + 16. Calculate the highest common factor of j and 28.
4
Let b(m) = -m**2 + 14*m + 21. Let s be b(9). What is the greatest common factor of 330 and s?
66
Suppose f = -3*x + 13, -x + 3 = -5*f - 12. Let z be (-4)/(-3)*(-39)/f. Let m be -2 + 1/((-3)/(-15)) + 23. What is the greatest common divisor of z and m?
26
Let v(p) = -486*p**3 - 4*p**2 + 3*p + 1. Let i be v(-1). Calculate the greatest common factor of 96 and i.
96
Let u(q) = 4*q**2 + 47*q + 32. Let g be u(-12). Suppose -5*k + 58 = -3*h, 0 = k - h - 4*h - 16. Calculate the highest common divisor of g and k.
11
Let f be -4 + (-7 - -12) + 4 - -80. What is the highest common divisor of 527 and f?
17
Suppose 178 = 7*v + 227. Let s(c) = -28*c**3 - 2*c**2 + 2*c - 1. Let p be s(1). Let u = v - p. What is the highest common divisor of 66 and u?
22
Suppose 0 = 2*w + w + 4*f - 299, f + 274 = 3*w. Calculate the greatest common factor of 31 and w.
31
Let l(u) = -17*u - 4. Let f be l(-6). Let v be -1*3*88/(-24). Let k(o) = -o**2 + 13*o - 8. Let h be k(v). Calculate the highest common factor of h and f.
14
Suppose 4*d - o = 179, -o + 0*o = d - 51. What is the highest common factor of 115 and d?
23
Suppose 101 = 4*b - 43. Let s be 1/(-3) - (32/6)/(-4). Let c be 17 + s/4*4. Calculate the greatest common factor of c and b.
18
Let c be 9 - 8 - (-120 + 0). Suppose c = 4*g - 7. Let j be 40/(-2)*(-4)/10. Calculate the highest common divisor of g and j.
8
Let x = 2686 - 2671. Calculate the highest common factor of 235 and x.
5
Suppose 0 = -136*y + 137*y - 637. What is the highest common factor of y and 13?
13
Suppose -b - v = -6, 0 = -b - 4*v + 13 + 2. Suppose -q = -p + 12, 4*p - 80 = b*q - 34. What is the highest common divisor of 50 and p?
10
Let k(t) = 475*t + 16. Let l be k(-7). Let q be l/(-11) + 30/165. Calculate the greatest common factor of q and 43.
43
Let i be ((-6)/(-4))/((-3)/604). Let v be (-3)/(-3) + i/(-2). Suppose -3*b = -5*q - 32, -2*q + 36 = 2*b - 12. What is the highest common divisor of v and b?
19
Suppose -4*o = -243 - 81. Suppose 0 = -b - 5*v + 69, 7*v + 9 = 10*v. Calculate the greatest common divisor of o and b.
27
Suppose f - 30 = -2*q - 0, 3*f = 3*q - 27. Calculate the highest common divisor of 1118 and q.
13
Suppose 4*b + 4*y = 31 - 11, 0 = 4*b - 5*y - 20. Suppose b*j = -15, -3*l + j + 9 = -36. What is the greatest common factor of 126 and l?
14
Let u be ((-693)/55)/9*-15. Calculate the greatest common factor of u and 1491.
21
Let b be 2*1 - (-5 + 115). Let p be (-2)/1 - -2 - b. Let j = 449 - 437. What is the greatest common divisor of j and p?
12
Suppose -6*j + 5*j + 302 = 4*d, 0 = -3*j + 3*d + 921. Suppose -p - 68 = -3*p. What is the greatest common factor of p and j?
34
Let t be -11 - 38 - (-1)/((-2)/(-6)). Let d = -37 - t. Let o = -5 - -6. Calculate the greatest common divisor of d and o.
1
Suppose -5*t + 351 = 131. Let u = -25 + t. Calculate the highest common divisor of 19 and u.
19
Let q = -286 + 429. Calculate the greatest common factor of q and 13.
13
Let t(j) = 5*j + 10. Let w(k) = -10*k - 19. Let s(m) = -5*t(m) - 3*w(m). Let f be s(4). Calculate the greatest common factor of f and 18.
9
Let h be 6/5*(-20)/6 - -28. Calculate the greatest common factor of h and 60.
12
Let s be -1*(10488/(-96) - (-7)/(-4)). What is the highest common divisor of s and 9?
3
Let n(k) = -81*k - 8. Let g be n(-8). Calculate the highest common factor of 20 and g.
20
Let a be (-4)/(-1 + 5) - 0. Let j be -2*(-21 - (-4 - a)). Let m be 2 + (-11)/((-33)/j). Calculate the highest common factor of m and 14.
14
Suppose -2*l = -3*j + 21, 4*j + 9*l - 4*l - 51 = 0. Calculate the greatest common factor of 9 and j.
9
Suppose -745 = -2*w + w. Suppose -2*o + 57 + w = 0. Let f be (-8)/(-10) - o/(-5). What is the greatest common factor of 54 and f?
27
Suppose o - 52 = -4*n, -6*o - n = -2*o - 133. What is the greatest common factor of o and 124?
4
Suppose -46*f = -63*f + 1020. Calculate the highest common factor of f and 36.
12
Suppose -2*a = -4*o - 5 - 5, -5 = 5*o. What is the highest common factor of a and 57?
3
Suppose -o + 6 + 5 = m, -4*o = m - 56. Suppose 0 = 3*n - 2*n + 4*x + 14, -x = 6. Calculate the highest common divisor of o and n.
5
Suppose -m - 4 = -5*m. Let i be (2 - -41 - -2) + m. Let l be 46*(-15)/(-9)*(-33)/(-22). Calculate the highest common factor of i and l.
23
Let m be ((-48)/(-10))/(7/(-700)*-12). What is the greatest common divisor of 940 and m?
20
Let f(h) = 3*h**2 - 6*h - 7. Let g be f(6). Let l = -2425 - -2451. What is the greatest common divisor of l and g?
13
Suppose -6*v + 24 = -3*v. What is the greatest common factor of v and 92?
4
Let n(l) = -10*l**2 - 2*l + 180. Let r be n(0). Calculate the greatest common divisor of r and 42.
6
Let s(k) = -k**3 - 3*k**2 - 3*k - 2. Let v be s(-3). Let o(x) = x**3 - 6*x**2 - 6*x + 8. Let h be o(v). What is the greatest common factor of h and 5?
5
Let q be (1 + (-1)/3)*36. Let x be 198/11 + 6/(-2). Let r = 18 - x. What is the highest common divisor of r and q?
3
Suppose 3 - 7 = 2*l + 2*i, 0 = -2*i - 10. Suppose -y - 10 = -v, -3 = -l*v + 5*y + 19. What is the highest common factor of 70 and v?
14
Let r = 68 + -30. Let l = 61 - r. Let p = l + -11. Calculate the highest common divisor of 60 and p.
12
Let g be 1 + 0 + 1 + -9. Let t = g - -13. What is the highest common divisor of 54 and t?
6
Suppose 29*z + 168 = -14*z + 2275. Let r(x) = -x**3 - 2*x - x**2 + 0*x - 1 - 3*x**2. Let k be r(-4). What is the greatest common factor of z and k?
7
Let j be (-1)/4 + 8/32. Suppose -3*s + 6 = j, -f + 6 = -0*s + s. What is the greatest common factor of 68 and f?
4
Let w be (-2 + (-200)/(-48))/((-4)/(-72)). What is the greatest common factor of 143 and w?
13
Let a(t) = 13*t**2 + 10*t + 21*t**3 - 30 - 11*t**3 - 11*t**3 + 0. Let v be a(13). Calculate the greatest common factor of v and 25.
25
Suppose 1 = -d + 5. Suppose -9*b = -87 - 309. What is the greatest common factor of b and d?
4
Let o(q) = 8 + 10*q + 8*q**2 + 0 - 6*q**2. Let f be o(-6). Let m be (-2)/(-4) - (-638)/4. Calculate the highest common factor of f and m.
20
Let g be 4/(-28)*0 + 36. Calculate the greatest common factor of 72 and g.
36
Let l(s) = 7*s**3 - 4*s**2 + 4*s + 5. Let f be l(4). Calculate the greatest common divisor of f and 9.
9
Suppose -11 = -6*s + 5*s. Calculate the highest common divisor of 11 and s.
11
Let g(r) = 6*r**3 - r**2 - 9*r - 2. Let n be g(4). What is the highest common factor of 594 and n?
66
Let u(v) = v - 9. Let m be u(8). Let x be (-20)/(-2)*m/(-2). Suppose -10 = -6*h + x*h. Calculate the greatest common factor of 10 and h.
10
Let z be (3 - 15)*(-1)/(4 - 1). What is the greatest common factor of z and 6?
2
Let v = 35 - 29. Let p be v/(-15) + 52/5. Let w be 892/68 + p/(-85). What is the highest common factor of 104 and w?
13
Suppose -2*z + 5*z - 315 = 0. Let r(l) = -l**2 - 19*l - 19. Let q be r(-17). Calculate the greatest common factor of z and q.
15
Let h(i) = -39*i + 23. Let w be h(-1). Calculate the highest common factor of 372 and w.
62
Suppose 15*c = 579 + 201. Calculate the highest common factor of c and 91.
13
Let p be (2/2 - 5)*-1. Suppose p*a = -2*z + 24, 3*a + 2 = 2*z - 1. Let n be (-6)/9 - (-16)/z. What is the greatest common factor of 3 and n?
1
Suppose 5*y = 8*y - 57. Calculate the highest common divisor of 133 and y.
19
Let z be (12/(-24))/(3/18) - -5. Calculate the greatest common divisor of 326 and z.
2
Suppose 8 + 13 = d - 5*m, -5*d = 3*m - 49. Suppose -2*s + 17 + d = 0. Let p be (-110)/(-8) + 4/16. What is the highest common divisor of p and s?
14
Suppose -5*g + 63 = 4*x, 4*x - x + 5*g = 46. Suppose 71 = r + 2*o - 5*o, -5*r = o - 339. Calculate the highest common divisor of x and r.
17
Suppos